{"id":87,"date":"2026-01-04T19:49:33","date_gmt":"2026-01-04T19:49:33","guid":{"rendered":"https:\/\/kkobs.ut.ee\/?page_id=87"},"modified":"2026-01-04T20:20:08","modified_gmt":"2026-01-04T20:20:08","slug":"registreerimine","status":"publish","type":"page","link":"https:\/\/kkobs.ut.ee\/index.php\/kkobs-aastakonverentsid\/registreerimine\/","title":{"rendered":"Registreerimine"},"content":{"rendered":"\n<p>Registreerimine KKOBS I aastakonverentsile on avatud 16. jaanuarini 2026.a.<\/p>\n\n\n<style id=\"wpforms-css-vars-85-block-cb2f000d-40b1-4603-bcd5-77e9b4fd7b08\">\n\t\t\t\t#wpforms-85.wpforms-block-cb2f000d-40b1-4603-bcd5-77e9b4fd7b08 {\n\t\t\t\t--wpforms-field-size-input-height: 43px;\n--wpforms-field-size-input-spacing: 15px;\n--wpforms-field-size-font-size: 16px;\n--wpforms-field-size-line-height: 19px;\n--wpforms-field-size-padding-h: 14px;\n--wpforms-field-size-checkbox-size: 16px;\n--wpforms-field-size-sublabel-spacing: 5px;\n--wpforms-field-size-icon-size: 1;\n--wpforms-label-size-font-size: 16px;\n--wpforms-label-size-line-height: 19px;\n--wpforms-label-size-sublabel-font-size: 14px;\n--wpforms-label-size-sublabel-line-height: 17px;\n--wpforms-button-size-font-size: 17px;\n--wpforms-button-size-height: 41px;\n--wpforms-button-size-padding-h: 15px;\n--wpforms-button-size-margin-top: 10px;\n\t\t\t}\n\t\t\t<\/style><div class=\"wpforms-container wpforms-container-full wpforms-block wpforms-block-cb2f000d-40b1-4603-bcd5-77e9b4fd7b08 wpforms-render-modern\" id=\"wpforms-85\"><form id=\"wpforms-form-85\" class=\"wpforms-validate wpforms-form wpforms-ajax-form\" data-formid=\"85\" method=\"post\" enctype=\"multipart\/form-data\" action=\"\/index.php\/wp-json\/wp\/v2\/pages\/87\" data-token=\"7c6612ea7972dd257b948a1dcfa6e488\" data-token-time=\"1778188621\"><noscript class=\"wpforms-error-noscript\">Please enable JavaScript in your browser to complete this form.<\/noscript><div id=\"wpforms-error-noscript\" style=\"display: none;\">Please enable JavaScript in your browser to complete this form.<\/div><div class=\"wpforms-field-container\">\t\t<div id=\"wpforms-85-field_3-container\"\n\t\t\tclass=\"wpforms-field wpforms-field-text\"\n\t\t\tdata-field-type=\"text\"\n\t\t\tdata-field-id=\"3\"\n\t\t\t>\n\t\t\t<label class=\"wpforms-field-label\" for=\"wpforms-85-field_3\" >majutust, \u00f6\u00f6bite kas<\/label>\n\t\t\t<input type=\"text\" id=\"wpforms-85-field_3\" class=\"wpforms-field-medium\" name=\"wpforms[fields][3]\" >\n\t\t<\/div>\n\t\t<div id=\"wpforms-85-field_1-container\" class=\"wpforms-field wpforms-field-name\" data-field-id=\"1\"><label class=\"wpforms-field-label\" for=\"wpforms-85-field_1\">Nimi <span class=\"wpforms-required-label\" aria-hidden=\"true\">*<\/span><\/label><input type=\"text\" id=\"wpforms-85-field_1\" class=\"wpforms-field-medium wpforms-field-required\" name=\"wpforms[fields][1]\" aria-errormessage=\"wpforms-85-field_1-error\" required><\/div><div id=\"wpforms-85-field_2-container\" class=\"wpforms-field wpforms-field-email\" data-field-id=\"2\"><label class=\"wpforms-field-label\" for=\"wpforms-85-field_2\">Kontakt e-mail <span class=\"wpforms-required-label\" aria-hidden=\"true\">*<\/span><\/label><input type=\"email\" id=\"wpforms-85-field_2\" class=\"wpforms-field-medium wpforms-field-required\" name=\"wpforms[fields][2]\" spellcheck=\"false\" aria-errormessage=\"wpforms-85-field_2-error\" required><\/div><div id=\"wpforms-85-field_8-container\" class=\"wpforms-field wpforms-field-text\" data-field-id=\"8\"><label class=\"wpforms-field-label\" for=\"wpforms-85-field_8\">Asutus <span class=\"wpforms-required-label\" aria-hidden=\"true\">*<\/span><\/label><input type=\"text\" id=\"wpforms-85-field_8\" class=\"wpforms-field-medium wpforms-field-required\" name=\"wpforms[fields][8]\" aria-errormessage=\"wpforms-85-field_8-error\" required><\/div><div id=\"wpforms-85-field_4-container\" class=\"wpforms-field wpforms-field-checkbox\" data-field-id=\"4\"><fieldset><legend class=\"wpforms-field-label\">Konverentsil osalemine <span class=\"wpforms-required-label\" aria-hidden=\"true\">*<\/span><\/legend><ul id=\"wpforms-85-field_4\" class=\"wpforms-field-required\"><li class=\"choice-1 depth-1\"><input type=\"checkbox\" id=\"wpforms-85-field_4_1\" name=\"wpforms[fields][4][]\" value=\"Osalen 3. veebruaril (I p\u00e4ev)\" aria-errormessage=\"wpforms-85-field_4_1-error\" required ><label class=\"wpforms-field-label-inline\" for=\"wpforms-85-field_4_1\">Osalen 3. veebruaril (I p\u00e4ev)<\/label><\/li><li class=\"choice-2 depth-1\"><input type=\"checkbox\" id=\"wpforms-85-field_4_2\" name=\"wpforms[fields][4][]\" value=\"Osalen 4. veebruar (II p\u00e4ev)\" aria-errormessage=\"wpforms-85-field_4_2-error\" required ><label class=\"wpforms-field-label-inline\" for=\"wpforms-85-field_4_2\">Osalen 4. veebruar (II p\u00e4ev)<\/label><\/li><li class=\"choice-3 depth-1\"><input type=\"checkbox\" id=\"wpforms-85-field_4_3\" name=\"wpforms[fields][4][]\" value=\"Osalen \u00f5htus\u00f6\u00f6gil 3. veebruaril kell 19.00\" aria-errormessage=\"wpforms-85-field_4_3-error\" required ><label class=\"wpforms-field-label-inline\" for=\"wpforms-85-field_4_3\">Osalen \u00f5htus\u00f6\u00f6gil 3. veebruaril kell 19.00<\/label><\/li><\/ul><\/fieldset><\/div><div id=\"wpforms-85-field_12-container\" class=\"wpforms-field wpforms-field-text\" data-field-id=\"12\"><label class=\"wpforms-field-label\" for=\"wpforms-85-field_12\">Kas teil on toitumispiiranguid v\u00f5i allergiaid?  <span class=\"wpforms-required-label\" aria-hidden=\"true\">*<\/span><\/label><input type=\"text\" id=\"wpforms-85-field_12\" class=\"wpforms-field-medium wpforms-field-required\" name=\"wpforms[fields][12]\" aria-errormessage=\"wpforms-85-field_12-error\" required><\/div><div id=\"wpforms-85-field_5-container\" class=\"wpforms-field wpforms-field-radio\" data-field-id=\"5\"><fieldset><legend class=\"wpforms-field-label\">Kas vajate majutust (tubade info https:\/\/kaariku.ee\/broneeri-majutus\/) <span class=\"wpforms-required-label\" aria-hidden=\"true\">*<\/span><\/legend><ul id=\"wpforms-85-field_5\" class=\"wpforms-field-required\"><li class=\"choice-1 depth-1\"><input type=\"radio\" id=\"wpforms-85-field_5_1\" name=\"wpforms[fields][5]\" value=\"Jah\" aria-errormessage=\"wpforms-85-field_5_1-error\" required ><label class=\"wpforms-field-label-inline\" for=\"wpforms-85-field_5_1\">Jah<\/label><\/li><li class=\"choice-2 depth-1\"><input type=\"radio\" id=\"wpforms-85-field_5_2\" name=\"wpforms[fields][5]\" value=\"Ei\" aria-errormessage=\"wpforms-85-field_5_2-error\" required ><label class=\"wpforms-field-label-inline\" for=\"wpforms-85-field_5_2\">Ei<\/label><\/li><\/ul><\/fieldset><\/div><div id=\"wpforms-85-field_10-container\" class=\"wpforms-field wpforms-field-radio\" data-field-id=\"10\"><fieldset><legend class=\"wpforms-field-label\">Kui vajate majutust, siis palun vali tuba<\/legend><ul id=\"wpforms-85-field_10\"><li class=\"choice-1 depth-1\"><input type=\"radio\" id=\"wpforms-85-field_10_1\" name=\"wpforms[fields][10]\" value=\"Kahekohaline tuba (Hotell Twin)\" aria-errormessage=\"wpforms-85-field_10_1-error\"  ><label class=\"wpforms-field-label-inline\" for=\"wpforms-85-field_10_1\">Kahekohaline tuba (Hotell Twin)<\/label><\/li><li class=\"choice-2 depth-1\"><input type=\"radio\" id=\"wpforms-85-field_10_2\" name=\"wpforms[fields][10]\" value=\"Kolmekohaline tuba (Hotell Peretuba)\" aria-errormessage=\"wpforms-85-field_10_2-error\"  ><label class=\"wpforms-field-label-inline\" for=\"wpforms-85-field_10_2\">Kolmekohaline tuba (Hotell Peretuba)<\/label><\/li><\/ul><\/fieldset><\/div><div id=\"wpforms-85-field_11-container\" class=\"wpforms-field wpforms-field-radio\" data-field-id=\"11\"><fieldset><legend class=\"wpforms-field-label\">Kui vajate majutust, siis kas \u00f6\u00f6bite<\/legend><ul id=\"wpforms-85-field_11\"><li class=\"choice-1 depth-1\"><input type=\"radio\" id=\"wpforms-85-field_11_1\" name=\"wpforms[fields][11]\" value=\"toas \u00fcksinda\" aria-errormessage=\"wpforms-85-field_11_1-error\"  ><label class=\"wpforms-field-label-inline\" for=\"wpforms-85-field_11_1\">toas \u00fcksinda<\/label><\/li><li class=\"choice-2 depth-1\"><input type=\"radio\" id=\"wpforms-85-field_11_2\" name=\"wpforms[fields][11]\" value=\"toas kaaslasega (palun kirjuta kaaslase nimi Kommentaari lahtrisse)\" aria-errormessage=\"wpforms-85-field_11_2-error\"  ><label class=\"wpforms-field-label-inline\" for=\"wpforms-85-field_11_2\">toas kaaslasega (palun kirjuta kaaslase nimi Kommentaari lahtrisse)<\/label><\/li><\/ul><\/fieldset><\/div><div id=\"wpforms-85-field_7-container\" class=\"wpforms-field wpforms-field-textarea\" data-field-id=\"7\"><label class=\"wpforms-field-label\" for=\"wpforms-85-field_7\">Kommentaar<\/label><textarea id=\"wpforms-85-field_7\" class=\"wpforms-field-medium\" name=\"wpforms[fields][7]\" aria-errormessage=\"wpforms-85-field_7-error\" ><\/textarea><\/div><div id=\"wpforms-85-field_13-container\" class=\"wpforms-field wpforms-field-radio\" data-field-id=\"13\"><fieldset><legend class=\"wpforms-field-label\">Kui vajate majutust, siis<\/legend><ul id=\"wpforms-85-field_13\"><li class=\"choice-1 depth-1\"><input type=\"radio\" id=\"wpforms-85-field_13_1\" name=\"wpforms[fields][13]\" value=\"maksate ise kohapeal\" aria-errormessage=\"wpforms-85-field_13_1-error\"  ><label class=\"wpforms-field-label-inline\" for=\"wpforms-85-field_13_1\">maksate ise kohapeal<\/label><\/li><li class=\"choice-4 depth-1 wpforms-other-choice\"><input type=\"radio\" id=\"wpforms-85-field_13_4\" data-other-choice=\"true\" name=\"wpforms[fields][13]\" value=\"maksate arvega asutusele\" aria-errormessage=\"wpforms-85-field_13_4-error\"  ><label class=\"wpforms-field-label-inline\" for=\"wpforms-85-field_13_4\">maksate arvega asutusele<\/label><\/li><\/ul><input type=\"text\" id=\"wpforms-85-field_13_other\" class=\"wpforms-other-input wpforms-field-required wpforms-field-large wpforms-hidden\" name=\"wpforms[fields][13][other]\" disabled=\"disabled\" placeholder=\"kirjuta siia asutuse nimi, kellel arve v\u00e4ljastatakse\" required><\/fieldset><\/div><script>\n\t\t\t\t( function() {\n\t\t\t\t\tconst style = document.createElement( 'style' );\n\t\t\t\t\tstyle.appendChild( document.createTextNode( '#wpforms-85-field_3-container { position: absolute !important; overflow: hidden !important; display: inline !important; height: 1px !important; width: 1px !important; z-index: -1000 !important; padding: 0 !important; } #wpforms-85-field_3-container input { visibility: hidden; } #wpforms-conversational-form-page #wpforms-85-field_3-container label { counter-increment: none; }' ) );\n\t\t\t\t\tdocument.head.appendChild( style );\n\t\t\t\t\tdocument.currentScript?.remove();\n\t\t\t\t} )();\n\t\t\t<\/script><\/div><!-- .wpforms-field-container --><div class=\"wpforms-submit-container\" ><input type=\"hidden\" name=\"wpforms[id]\" value=\"85\"><input type=\"hidden\" name=\"page_title\" value=\"\"><input type=\"hidden\" name=\"page_url\" value=\"https:\/\/kkobs.ut.ee\/index.php\/wp-json\/wp\/v2\/pages\/87\"><input type=\"hidden\" name=\"url_referer\" value=\"\"><button type=\"submit\" name=\"wpforms[submit]\" id=\"wpforms-submit-85\" class=\"wpforms-submit\" data-alt-text=\"Saadan andmeid korraldajatele...\" data-submit-text=\"Esita\" aria-live=\"assertive\" value=\"wpforms-submit\">Esita<\/button><img loading=\"lazy\" decoding=\"async\" src=\"https:\/\/kkobs.ut.ee\/wp-content\/plugins\/wpforms-lite\/assets\/images\/submit-spin.svg\" class=\"wpforms-submit-spinner\" style=\"display: none;\" width=\"26\" height=\"26\" alt=\"Loading\"><\/div><\/form><\/div>  <!-- .wpforms-container -->","protected":false},"excerpt":{"rendered":"<p>Registreerimine KKOBS I aastakonverentsile on avatud 16. jaanuarini 2026.a.<\/p>\n","protected":false},"author":1,"featured_media":0,"parent":80,"menu_order":0,"comment_status":"closed","ping_status":"closed","template":"","meta":{"footnotes":""},"class_list":["post-87","page","type-page","status-publish","hentry"],"_links":{"self":[{"href":"https:\/\/kkobs.ut.ee\/index.php\/wp-json\/wp\/v2\/pages\/87","targetHints":{"allow":["GET"]}}],"collection":[{"href":"https:\/\/kkobs.ut.ee\/index.php\/wp-json\/wp\/v2\/pages"}],"about":[{"href":"https:\/\/kkobs.ut.ee\/index.php\/wp-json\/wp\/v2\/types\/page"}],"author":[{"embeddable":true,"href":"https:\/\/kkobs.ut.ee\/index.php\/wp-json\/wp\/v2\/users\/1"}],"replies":[{"embeddable":true,"href":"https:\/\/kkobs.ut.ee\/index.php\/wp-json\/wp\/v2\/comments?post=87"}],"version-history":[{"count":3,"href":"https:\/\/kkobs.ut.ee\/index.php\/wp-json\/wp\/v2\/pages\/87\/revisions"}],"predecessor-version":[{"id":98,"href":"https:\/\/kkobs.ut.ee\/index.php\/wp-json\/wp\/v2\/pages\/87\/revisions\/98"}],"up":[{"embeddable":true,"href":"https:\/\/kkobs.ut.ee\/index.php\/wp-json\/wp\/v2\/pages\/80"}],"wp:attachment":[{"href":"https:\/\/kkobs.ut.ee\/index.php\/wp-json\/wp\/v2\/media?parent=87"}],"curies":[{"name":"wp","href":"https:\/\/api.w.org\/{rel}","templated":true}]}}